erivative of -2*v**2 - 4*v + 223. Calculate p(7).
-32
Let j(l) = -5*l - 31985 + 16005 + 16002. Determine j(3).
7
Let q(i) = -2*i**3 + 3*i**2 + 3*i. Let j(f) = -11*f**3 + 5*f**2 + 19*f + 15. Let o(m) = j(m) - 5*q(m). What is o(-10)?
-25
Let b(c) be the second derivative of -c**5/20 + 7*c**4/4 + c**2 - 1540*c. What is b(21)?
2
Let k(b) = b**3 - 6*b**2 + 4*b + 7. Let m be (-29)/58*8/(-2). Let o be (m - 38/(-6))*3. Suppose 5*t = u + 20, -2*u + 0*t - 3*t = -o. Calculate k(u).
2
Let q(z) = 5*z + 11. Suppose -3*m + 5*m + 14 = -3*w, -14 = 5*w + m. Let y be q(w). Let g(i) = 2*i + 1. Give g(y).
3
Let z(g) be the third derivative of -g**5/30 + 19*g**4/12 - 19*g**3/3 - 2092*g**2. What is z(17)?
30
Let t = 114 + -134. Let c = -12 - t. Let g(b) = -c - 2*b - 2*b + 3*b. Give g(9).
-17
Let u(j) = 344*j**3 - j**2 + 63*j - 112. Let m(l) = -59*l**3 - 11*l + 19. Let p(b) = 35*m(b) + 6*u(b). Let k be 1*-10*(-1)/(-2). What is p(k)?
3
Let j be 3/(-2) - -3 - (-4)/8. Let v(l) = j*l + l - 2*l + l**2 - 2. Give v(-3).
4
Suppose -a + 7*a + 312 = 0. Let c = a - -45. Let v(k) = k**3 + 6*k**2 - 8*k + 8. Give v(c).
15
Let l(h) = -13*h + 12. Let v(p) = p**3 - 4*p**2 - 3*p - 58. Let a be v(6). Determine l(a).
64
Let b(m) = m**3 - 4*m**2 + m + 4. Let t(f) = -f**3 + 12*f**2 + 31*f - 28. Let i be t(14). Suppose -s = -2*r + 11, 3*r + s = 2*s + i. What is b(r)?
-2
Suppose -q = -4*m + 92, 5*q - 10 - 36 = -2*m. Let o(t) = 19 - t - 34 + m. Let v be o(8). Let r(z) = -z**2 - z + 3. Calculate r(v).
3
Suppose -66 = 2*p - 5*p. Let l be 11/p*(1 - 9). Let j be (-5)/((1/l)/((-1)/4)). Let f(a) = a**2 + 4*a - 7. Calculate f(j).
-2
Let a(k) = -k**2 - 6*k + 8. Let l(w) = -3*w - 9*w + 25*w - 11*w + 12. Let m be l(-3). Suppose 21 = -m*d + 3*d. Determine a(d).
1
Let u(z) = -204*z + 10396. Let q be u(51). Let m(i) = -i**2 - 25*i - 127. Determine m(q).
9
Let l(u) be the second derivative of -u**3/6 - 8*u**2 + 22*u - 28. Calculate l(-6).
-10
Suppose -m + 29 = 18. Let s(x) = -9 + 25*x + 1 + m - 27*x. Determine s(3).
-3
Let y be 6/(-2)*(1 + 0). Let m(f) be the second derivative of -f**4/12 - f**3 - 15*f + 17. Determine m(y).
9
Let m(x) = -x**3 - 7*x**2 - 3*x - 1. Let j(v) = -47*v - 100. Let b be j(-2). What is m(b)?
-19
Suppose 0 = 5*v - 7*l + 2*l + 10, -v - 5*l = -4. Let k(w) = w**3 + 10*w**2 - 12*w - 9. Let n be k(-11). Let b(a) = -a**2 - n*a - 5 - 1 + 5. Give b(v).
0
Let f(s) = -6*s + 11. Suppose 5*u + 7*n - 255 = 8*n, 3*n = -2*u + 119. Let l = u + -63. Let h(a) = -17*a + 31. Let v(j) = l*f(j) + 4*h(j). Determine v(3).
-3
Suppose -a - 3*h = 4 - 14, 5*a - 2 = -3*h. Let u be (a + 7 - -1*1)*5. Let i = u + -28. Let k(x) = x**3 - 2. Determine k(i).
6
Let i(y) = -y**3 + 4*y**2 + y - 4. Let v be ((-14)/5)/((-82)/1845). Suppose -v = -37*z + 85. What is i(z)?
0
Let g = 146 - 138. Let t(o) = -3 - g*o - 13*o + 4 + 19*o. Suppose 6 = 2*f - 0*f. Calculate t(f).
-5
Let x(a) = a**2 - 14*a + 28. Suppose -19*w + 444 = 35*w - 17*w. Determine x(w).
4
Let b(l) = 2*l**2 - 7*l - 2. Let a(r) = -r**2 + 3*r + 1. Let w(h) = -5*a(h) - 3*b(h). Suppose -10 = -244*y + 242*y. Let n be 1 - y - (-6 + -4). Determine w(n).
1
Let q(l) be the first derivative of 21*l**2/2 + 96*l - 6331. What is q(-5)?
-9
Suppose -5 = -t, -5*m + 54 = -2*m - 3*t. Let h(c) = c**2 - m - 7 + 1 + 17*c + 10. What is h(-18)?
-1
Let y(p) = -12*p + 30. Let q(n) = 22*n - 57. Let t(d) = 4*q(d) + 7*y(d). Suppose m + 2 = 17*g - 14*g, -2*m + 2 = -3*g. Give t(m).
-2
Suppose -2*w = -0 - 2, 3*w - 47 = -n. Suppose 0 = -8*k + n - 4. Let p(c) be the second derivative of c**5/20 - c**4/2 + 2*c**3/3 + 2*c**2 - 9*c. Calculate p(k).
-1
Let g(f) = -35*f + 244. Suppose 205 = 2*m - 2*y + 193, 4*m - 31 = -3*y. Determine g(m).
-1
Let l(p) = -p - 4. Let y(h) = h - 1. Let t(j) = -5*j + 6. Let z(q) = 2*t(q) + 11*y(q). Let g(k) = -l(k) - 6*z(k). Calculate g(-4).
18
Suppose 0 = -4*b + 4*i - 45 + 5, -2*i + 6 = 0. Let r(p) = -3*p**2 + 3 - 5*p + 2*p**2 + 0*p + 2. Give r(b).
-9
Let d(y) = 2*y. Let t be d(2). Let v(l) = -l**2 - 3*l**2 + l**3 + t - 3 - 2*l. Let r = 4768 - 4765. Calculate v(r).
-14
Let v = 42 - 34. Let q be 12/v + (-17)/(-2). Suppose -29*f = -27*f + q. Let g(j) = -j**3 - 4*j**2 + 4*j. Calculate g(f).
5
Suppose -13 = -5*m - 48. Let f(z) be the second derivative of 7/12*z**4 + 0 - 7/2*z**2 + 29*z + 0*z**3 + 1/20*z**5. Give f(m).
-7
Let s(n) = n**3 - 5*n**2 - 2*n - 4. Suppose -51*p = -40*p - 55. Let x(m) = -15*m + 80. Let d be x(p). Determine s(d).
-14
Let d(c) = -5*c - 1. Suppose -8 + 25 = 2*k - v, 5*k + 4*v - 75 = 0. Let b be (1 - (k - 1))*(-1)/3. Suppose -b*s - 44 = -38. What is d(s)?
9
Suppose u + p - 4*p = 4, 0 = 3*u - 3*p + 18. Let d(f) be the second derivative of f**3/2 + 4*f**2 - 2193*f. Calculate d(u).
-25
Let v(z) = -z**3 - z**2 - 1. Let n(f) = -2*f**2 + 7*f - f**2 + 5*f**3 + 2*f - 4 + f. Suppose -5*y - 9 + 14 = 0. Let q(m) = y*n(m) + 4*v(m). What is q(6)?
16
Let k be 140/80 - (-1)/4. Let d(z) = 5*z**k + 27 - 68 + 42. Calculate d(-2).
21
Let k(i) be the first derivative of i**3/3 + 3*i**2 + 5*i - 492. Let l be -8*(-4)/8 - -12. Suppose -s + 0*s - l = 2*u, -3*u = 5*s + 45. What is k(s)?
5
Let v(b) = -b**2 - 30*b + 4. Let f(y) = 7*y**2 + 27*y - 9. Let s(n) = -n**2 + n + 1. Let j(i) = f(i) + 6*s(i). Let k(w) = -6*j(w) - 7*v(w). Calculate k(-13).
3
Let n(b) = b**2 + 9*b + 8. Suppose 4*y + 7*y + 129 = 41. Determine n(y).
0
Let v(k) = -8*k**2 + 17*k + 49. Let y(o) = -19*o**2 + 34*o + 98. Let d(n) = -7*v(n) + 3*y(n). What is d(-13)?
3
Let f(d) = 23*d**2 - 61*d + 58. Let s(y) = 10*y**2 - 26*y + 29. Let t(q) = -3*f(q) + 7*s(q). Give t(0).
29
Let w = 134 - 31. Suppose w*a - 35 = 108*a. Let b(d) = 3*d + 7. Calculate b(a).
-14
Let l(q) = -q**3 - 2*q**2 - q - 2. Suppose 9*o - 257 + 221 = 0. Suppose -4*z - 2 = -g, 5*z = -o*g - 8 - 5. Give l(g).
0
Let c(w) be the first derivative of -w**2 + 4/3*w**3 + 36 + w. Determine c(2).
13
Let j(a) = -14*a**2 + 184*a - 16. Let y be j(13). Let q(b) = -b + 1. What is q(y)?
-9
Let h(m) = -14*m**3 + 72*m**2 + 96*m + 55. Let x(k) = 19*k**3 - 96*k**2 - 129*k - 73. Let t(c) = -11*h(c) - 8*x(c). What is t(13)?
5
Let i be (2 - 5 - 1)/((-10)/1600). Let c = i - 632. Let a(w) be the second derivative of w**5/20 - 7*w**4/12 - 3*w**3/2 + w**2 + w. Calculate a(c).
-6
Let f(x) = -x**2 - 5*x - 2. Let w(v) = v**3 - 6*v**2 + 8*v - 13. Let r be w(5). Suppose 7*c - 10*c = -s + 3, r*c = -2*s - 10. Calculate f(c).
4
Let c(d) be the first derivative of -2*d**3/3 + 13*d**2/2 - 10*d - 592. Calculate c(6).
-4
Let p(i) = -3*i - 26. Suppose -24 = 8*g - 5*g + 3*h, 4*g - h + 32 = 0. What is p(g)?
-2
Let d(o) = o + 4 + 434*o**2 + 6*o - 214*o**2 + 10 - 219*o**2. Determine d(-7).
14
Let p = -96 - -88. Let x be (0 - (-4 - p)) + 0. Let r(q) = 2*q**2 + 6*q + 5. What is r(x)?
13
Let r = -195 + 176. Let q(z) = z**2 + 14*z - 103. Let o be q(r). Let b(n) = n**2 + 7*n - 8. Give b(o).
0
Suppose 1155 + 80 = -13*w. Let l = 40 + w. Let s be 16/10*(l/(-2))/11. Let g(b) = b + 3. What is g(s)?
7
Let j = 3148 - 1643. Let d(s) = -1 - 9 - j*s + 1504*s. Give d(-4).
-6
Let n(x) = 6*x - 67. Suppose -680 = -65*q + 100. Give n(q).
5
Let s(m) = -7*m**3 + 11*m**2 - 9*m. Let p = 37 + -26. Let y(z) = p*z**2 - 8*z - z**2 - 2*z**3 - 4*z**3. Let g(q) = 5*s(q) - 6*y(q). Calculate g(4).
-4
Let u = 4281 - 4256. Let l(x) = x**2 - 28*x + 98. Calculate l(u).
23
Suppose 398*p - o = 395*p + 18, -5*p + o + 30 = 0. Let k(a) = 4*a**3 - 9*a + 4 + a**3 - 4*a**3 - 4*a**2. Calculate k(p).
22
Suppose -1958 = 18*s - 40*s. Suppose 3*l = -92 + s. Let p(y) = -17*y**2 - 3. Let m(k) = -18*k**2 - 4. Let f(h) = 4*m(h) - 5*p(h). Determine f(l).
12
Suppose 28*s - 25*s = 162. Let m be (-9)/(s/24) + 1. Let j(o) = -3*o - 6. Determine j(m).
3
Suppose -5*c + 2*i + 1775 = -0*i, 4*i = c - 337. Suppose 2*g = -5*g + c. Let r(d) = -83 + g + 39 + d. Determine r(-7).
0
Let y be (-12)/(-9)*294/56. Let t(b) = -5*b**2 - 8*b - 7. Let h(a) = 4*a**2 + 8*a + 7. Let q(i) = 6*h(i) + 5*t(i). What is q(y)?
14
Let k = -11267/312 + 470/13. Let d(l) be the third derivative of 0 + 0*l + k*l**4 + 18*l**2 - 1/2*l**3. Determine d(8).
5
Let v(l) = 1 + 3*l - 4*l**2 + 10*l**2 + 62808444*l**3 - 62808445*l**3. Suppose -12 = -n - n. Calculate v(n).
19
Let l(w) = -w**3 - 6*w**2 + w + 8. Let f be (2/(-4))/((-10)/(-80)). What is l(f)?
-28
Let b(m) = -17*m**2 - 3*m + 11. Let